 when 1715 is divided by 365?
255
Calculate the remainder when 10032 is divided by 66.
0
What is the remainder when 34429 is divided by 1811?
20
What is the remainder when 5488 is divided by 26?
2
What is the remainder when 6185 is divided by 343?
11
What is the remainder when 17154 is divided by 8543?
68
What is the remainder when 43212 is divided by 533?
39
Calculate the remainder when 3901 is divided by 2736.
1165
Calculate the remainder when 37494 is divided by 625.
619
What is the remainder when 25238 is divided by 29?
8
What is the remainder when 7147 is divided by 3562?
23
What is the remainder when 32273 is divided by 371?
367
Calculate the remainder when 3611 is divided by 3416.
195
Calculate the remainder when 166108 is divided by 210.
208
Calculate the remainder when 187876 is divided by 20.
16
What is the remainder when 9800 is divided by 175?
0
What is the remainder when 546981 is divided by 24?
21
What is the remainder when 1230670 is divided by 13?
12
What is the remainder when 38242 is divided by 61?
56
Calculate the remainder when 1104 is divided by 44.
4
What is the remainder when 2108 is divided by 132?
128
Calculate the remainder when 53614 is divided by 2680.
14
Calculate the remainder when 15025 is divided by 1141.
192
What is the remainder when 1888274 is divided by 85?
84
Calculate the remainder when 15177 is divided by 723.
717
What is the remainder when 20998 is divided by 58?
2
What is the remainder when 1590 is divided by 62?
40
Calculate the remainder when 5854 is divided by 3290.
2564
What is the remainder when 2868913 is divided by 1535?
1533
Calculate the remainder when 73940 is divided by 9.
5
Calculate the remainder when 14736 is divided by 7344.
48
Calculate the remainder when 6506 is divided by 114.
8
Calculate the remainder when 1975 is divided by 353.
210
What is the remainder when 956 is divided by 154?
32
Calculate the remainder when 216783 is divided by 272.
271
Calculate the remainder when 28549 is divided by 201.
7
Calculate the remainder when 383318 is divided by 137.
129
Calculate the remainder when 2700 is divided by 2687.
13
What is the remainder when 55542 is divided by 36?
30
What is the remainder when 96 is divided by 44?
8
Calculate the remainder when 448 is divided by 148.
4
What is the remainder when 1178 is divided by 296?
290
What is the remainder when 14314 is divided by 398?
384
Calculate the remainder when 119473 is divided by 524.
1
What is the remainder when 798624 is divided by 282?
0
What is the remainder when 282007 is divided by 31334?
1
What is the remainder when 22538 is divided by 14?
12
What is the remainder when 8067 is divided by 33?
15
Calculate the remainder when 18156 is divided by 117.
21
Calculate the remainder when 14223 is divided by 4006.
2205
What is the remainder when 1889 is divided by 537?
278
What is the remainder when 1571325 is divided by 744?
741
Calculate the remainder when 403213 is divided by 720.
13
What is the remainder when 10570 is divided by 221?
183
What is the remainder when 90892 is divided by 285?
262
What is the remainder when 21970 is divided by 157?
147
What is the remainder when 53090 is divided by 4825?
15
Calculate the remainder when 12967 is divided by 1892.
1615
What is the remainder when 342 is divided by 8?
6
What is the remainder when 3153 is divided by 101?
22
Calculate the remainder when 440735 is divided by 103.
101
Calculate the remainder when 65528 is divided by 48.
8
What is the remainder when 168431 is divided by 264?
263
What is the remainder when 9682 is divided by 388?
370
Calculate the remainder when 45357 is divided by 215.
207
What is the remainder when 21162 is divided by 31?
20
What is the remainder when 24294 is divided by 3005?
254
Calculate the remainder when 17052 is divided by 1343.
936
Calculate the remainder when 4887 is divided by 4230.
657
What is the remainder when 2738934 is divided by 60865?
9
Calculate the remainder when 9668 is divided by 3180.
128
Calculate the remainder when 64984 is divided by 1161.
1129
What is the remainder when 26593 is divided by 835?
708
What is the remainder when 819033 is divided by 117004?
5
What is the remainder when 34841 is divided by 17405?
31
Calculate the remainder when 1822 is divided by 1809.
13
What is the remainder when 2753 is divided by 1374?
5
What is the remainder when 25405 is divided by 752?
589
Calculate the remainder when 3540218 is divided by 1770103.
12
What is the remainder when 51010 is divided by 25496?
18
What is the remainder when 12704 is divided by 1585?
24
Calculate the remainder when 15050 is divided by 602.
0
What is the remainder when 804 is divided by 126?
48
Calculate the remainder when 7941 is divided by 659.
33
What is the remainder when 38894 is divided by 117?
50
Calculate the remainder when 16692 is divided by 3330.
42
What is the remainder when 18349 is divided by 18341?
8
What is the remainder when 329 is divided by 265?
64
Calculate the remainder when 10182 is divided by 105.
102
Calculate the remainder when 8372 is divided by 118.
112
What is the remainder when 29438 is divided by 446?
2
Calculate the remainder when 31765 is divided by 90.
85
What is the remainder when 13515 is divided by 1501?
6
Calculate the remainder when 62481 is divided by 161.
13
Calculate the remainder when 305194 is divided by 179.
178
What is the remainder when 2112 is divided by 676?
84
What is the remainder when 45345 is divided by 9056?
65
What is the remainder when 5117 is divided by 1370?
1007
What is the remainder when 28010 is divided by 149?
147
Calculate the remainder when 4789 is divided by 208.
5
What is the remainder when 18777 is divided by 751?
2
Calculate the remainder when 38189 is divided by 338.
333
What is the remainder when 77471 is divided by 96?
95
What is the remainder when 4424 is divided by 106?
78
What is the remainder when 70991 is divided by 3940?
71
Calculate the remainder when 263753 is divided by 87915.
8
Calculate the remainder when 117567 is divided by 238.
233
Calculate the remainder when 14874 is divided by 57.
54
What is the remainder when 20877 is divided by 526?
363
Calculate the remainder when 10807 is divided by 675.
7
What is the remainder when 51683 is divided by 25830?
23
What is the remainder when 14727 is divided by 920?
7
What is the remainder when 311877 is divided by 113?
110
What is the remainder when 5525 is divided by 211?
39
What is the remainder when 63166 is divided by 962?
636
What is the remainder when 12443 is divided by 2482?
33
Calculate the remainder when 14384 is divided by 11.
7
Calculate the remainder when 23437 is divided by 7753.
178
Calculate the remainder when 1246961 is divided by 14.
9
What is the remainder when 16509 is divided by 613?
571
Calculate the remainder when 1098 is divided by 265.
38
What is the remainder when 38175 is divided by 439?
421
What is the remainder when 4819 is divided by 295?
99
What is the remainder when 2705 is divided by 243?
32
Calculate the remainder when 454 is divided by 436.
18
What is the remainder when 10765 is divided by 172?
101
What is the remainder when 216787 is divided by 758?
757
Calculate the remainder when 170961 is divided by 85463.
35
What is the remainder when 44758 is divided by 54?
46
What is the remainder when 2843 is divided by 96?
59
Calculate the remainder when 84644 is divided by 749.
7
Calculate the remainder when 189146 is divided by 1514.
1410
What is the remainder when 1800 is divided by 587?
39
Calculate the remainder when 10396 is divided by 2058.
106
What is the remainder when 16063 is divided by 280?
103
What is the remainder when 23119 is divided by 26?
5
What is the remainder when 2816 is divided by 177?
161
What is the remainder when 1156826 is divided by 153?
146
What is the remainder when 31067 is divided by 1412?
3
What is the remainder when 6095 is divided by 761?
7
What is the remainder when 11539 is divided by 79?
5
What is the remainder when 49799 is divided by 816?
23
Calculate the remainder when 212785 is divided by 639.
637
What is the remainder when 24779 is divided by 167?
63
What is the remainder when 4473 is divided by 563?
532
What is the remainder when 9306 is divided by 859?
716
Calculate the remainder when 236